ctors of 476491710?
2, 3, 5, 15883057
List the prime factors of 298746262.
2, 1279, 116789
What are the prime factors of 83004397?
7, 47, 252293
What are the prime factors of 2742411339?
3, 304712371
What are the prime factors of 2680385?
5, 239, 2243
What are the prime factors of 6960846?
2, 3, 1160141
What are the prime factors of 68803203?
3, 7, 468049
List the prime factors of 104846933.
104846933
List the prime factors of 102294585.
3, 5, 2273213
What are the prime factors of 3923725754?
2, 13, 37, 4078717
What are the prime factors of 164200263?
3, 17, 189389
What are the prime factors of 68268417?
3, 7, 31, 71, 211
What are the prime factors of 103190492?
2, 2207, 11689
What are the prime factors of 7588216408?
2, 948527051
What are the prime factors of 5993968909?
53, 113093753
What are the prime factors of 207124404?
2, 3, 1301, 13267
What are the prime factors of 2119143528?
2, 3, 1549, 19001
What are the prime factors of 259005909?
3, 109, 792067
List the prime factors of 627888425.
5, 29, 866053
List the prime factors of 197378967.
3, 65792989
List the prime factors of 28303643.
53, 193, 2767
What are the prime factors of 359381043?
3, 7, 90547
List the prime factors of 157088161.
157088161
What are the prime factors of 5027020781?
103, 48806027
What are the prime factors of 242648315?
5, 7, 13, 31, 17203
What are the prime factors of 565555699?
565555699
List the prime factors of 20963323.
1031, 20333
What are the prime factors of 723881370?
2, 3, 5, 163, 179, 827
List the prime factors of 976176248.
2, 2029, 60139
List the prime factors of 626150207.
71, 101, 87317
What are the prime factors of 122002959?
3, 13, 331, 727
List the prime factors of 3594574.
2, 31, 57977
List the prime factors of 118018947.
3, 17, 2314097
List the prime factors of 411620223.
3, 7, 19600963
List the prime factors of 116569844.
2, 29142461
What are the prime factors of 296298194?
2, 71, 107, 19501
List the prime factors of 2199779194.
2, 61, 18030977
What are the prime factors of 376115148?
2, 3, 131, 173, 461
What are the prime factors of 53190282?
2, 3, 73, 121439
List the prime factors of 99055084.
2, 337, 73483
List the prime factors of 4390203.
3, 131, 11171
List the prime factors of 111797028.
2, 3, 7, 63377
What are the prime factors of 134215308?
2, 3, 3728203
What are the prime factors of 1389750026?
2, 7, 31, 107, 29927
List the prime factors of 177640342.
2, 11, 443, 1657
What are the prime factors of 36726723?
3, 11, 31, 3989
What are the prime factors of 7683165?
3, 5, 7, 24391
What are the prime factors of 457569473?
463, 988271
What are the prime factors of 459525323?
12743, 36061
List the prime factors of 55113482.
2, 27556741
List the prime factors of 289656347.
47, 1721, 3581
What are the prime factors of 91254946?
2, 17, 59, 45491
What are the prime factors of 308718614?
2, 154359307
List the prime factors of 71646202.
2, 35823101
What are the prime factors of 28606772?
2, 37, 283, 683
List the prime factors of 2431146667.
23, 73, 1447973
List the prime factors of 779088216.
2, 3, 4513, 7193
What are the prime factors of 73679369?
269, 273901
List the prime factors of 1389151254.
2, 3, 107, 2163787
What are the prime factors of 46622267?
46622267
What are the prime factors of 672441036?
2, 3, 56036753
What are the prime factors of 27310128?
2, 3, 137, 4153
What are the prime factors of 21196652?
2, 173, 30631
List the prime factors of 3108742319.
29, 43, 263, 9479
List the prime factors of 6948673294.
2, 3474336647
List the prime factors of 877719259.
1367, 642077
List the prime factors of 171827473.
73, 2353801
What are the prime factors of 764890214?
2, 11, 17, 163, 12547
What are the prime factors of 6119948?
2, 37, 41351
What are the prime factors of 239150885?
5, 107, 447011
What are the prime factors of 15094590?
2, 3, 5, 7, 71879
List the prime factors of 493488985.
5, 11, 1787, 5021
What are the prime factors of 97637509?
2029, 48121
List the prime factors of 607931720.
2, 5, 11, 863, 1601
What are the prime factors of 7335981980?
2, 5, 31, 11832229
What are the prime factors of 999321498?
2, 3, 7, 29, 491, 557
What are the prime factors of 1978100167?
3499, 565333
List the prime factors of 4872703.
11, 442973
What are the prime factors of 569954138?
2, 13, 17, 263, 4903
List the prime factors of 6552634822.
2, 3276317411
What are the prime factors of 6099985?
5, 79, 15443
List the prime factors of 112524813.
3, 137, 263, 347
What are the prime factors of 434411870?
2, 5, 109, 398543
What are the prime factors of 31967456?
2, 998983
List the prime factors of 149099487.
3, 2251, 22079
List the prime factors of 38608688.
2, 2413043
List the prime factors of 2061235873.
17, 23, 5271703
List the prime factors of 82025386.
2, 193, 212501
What are the prime factors of 3925383375?
3, 5, 19, 73, 7547
What are the prime factors of 5811627?
3, 37, 41, 1277
What are the prime factors of 276988943?
7, 11, 3597259
List the prime factors of 46018421.
1217, 37813
What are the prime factors of 163423485?
3, 5, 3631633
List the prime factors of 379595297.
29, 13089493
List the prime factors of 49455038.
2, 103, 240073
List the prime factors of 740925345.
3, 5, 281, 175783
List the prime factors of 26166996.
2, 3, 73, 3319
List the prime factors of 866181421.
7, 123740203
What are the prime factors of 474834371?
11, 29, 135319
List the prime factors of 413299138.
2, 7, 17, 1097, 1583
List the prime factors of 2430757848.
2, 3, 1063, 95279
List the prime factors of 1133598521.
11, 103054411
What are the prime factors of 1026913701?
3, 11, 31118597
List the prime factors of 826684827.
3, 275561609
What are the prime factors of 288780537?
3, 2543, 37853
List the prime factors of 3922346612.
2, 980586653
List the prime factors of 88033902.
2, 3, 11, 97, 13751
List the prime factors of 142069264.
2, 41, 216569
List the prime factors of 1175571120.
2, 3, 5, 4898213
What are the prime factors of 407559843?
3, 559067
What are the prime factors of 1691178803?
1691178803
List the prime factors of 236725601.
7, 1493, 22651
List the prime factors of 58879859.
58879859
What are the prime factors of 266248938?
2, 3, 19, 151, 15467
What are the prime factors of 561375712?
2, 17542991
List the prime factors of 128980843.
971, 132833
List the prime factors of 19212466.
2, 7, 13, 105563
What are the prime factors of 3904564984?
2, 488070623
What are the prime factors of 489794121?
3, 251, 24091
What are the prime factors of 4677865211?
229, 20427359
List the prime factors of 65638546.
2, 1439, 22807
What are the prime factors of 297755829?
3, 7, 373, 12671
What are the prime factors of 2948031463?
13, 23, 9859637
What are the prime factors of 578839197?
3, 67, 647, 4451
List the prime factors of 1777659376.
2, 37, 71, 42293
What are the prime factors of 99189598?
2, 149, 332851
List the prime factors of 170464.
2, 7, 761
What are the prime factors of 128168836?
2, 32042209
List the prime factors of 3757875.
3, 5, 11, 911
What are the prime factors of 46166854?
2, 23083427
What are the prime factors of 4961276629?
53, 93608993
What are the prime factors of 5422107814?
2, 23, 117871909
What are the prime factors of 380948391?
3, 89, 97, 4903
What are the prime factors of 45108802?
2, 131, 172171
List the prime factors of 187619168.
2, 11, 533009
What are the prime factors of 69352376?
2, 59, 146933
List the prime factors of 499858800.
2, 3, 5, 7, 8501
What are the prime factors of 766336683?
3, 7, 36492223
List the prime factors of 62621601.
3, 7, 2981981
What are the prime factors of 79648044?
2, 3, 7, 109, 8699
What are the prime factors of 133280651?
7, 19040093
List the prime factors of 654386248.
2, 23, 3556447
What are the prime factors of 3438348413?
17, 43, 383, 12281
What are the prime factors of 2152836807?
3, 11, 7129, 9151
What are the prime factors of 378915184?
2, 2797, 8467
List the prime factors of 22770834.
2, 3, 347, 10937
List the prime factors of 67741103.
67741103
List the prime factors of 1018356724.
2, 7, 11, 1201, 2753
What are the prime factors of 18249124?
2, 73, 62497
What are the prime factors of 772462768?
2, 7, 11, 127, 4937
List the prime factors of 26417079.
3, 13, 41, 5507
What are the prime factors of 2817064815?
3, 5, 17, 